 297. What is s(-13)?
24
Let z(j) = 9*j**2 - 85*j - 55. What is z(10)?
-5
Let w(n) = 14*n**2 + 16*n - 2. Calculate w(-2).
22
Let g(i) = -i**3 - 19*i**2 - 32*i - 44. Calculate g(-17).
-78
Let r(w) = -5*w**3 - 16*w**2 - 340*w - 1006. Determine r(-3).
5
Let u(h) = -2*h**3 - 4*h**2 - 18*h - 53. What is u(-4)?
83
Let j(f) = -3*f**3 + 63*f + 167. Calculate j(-3).
59
Let n(q) = 3*q**2 - 116*q - 38. Determine n(39).
1
Let l(m) = -67*m + 14. What is l(0)?
14
Let b(n) = 9*n - 60. Give b(6).
-6
Let b(z) = 5*z**2 - 237*z + 134. Calculate b(47).
40
Let r(v) = 27*v - 198. Calculate r(8).
18
Let j(a) = -a**2 - 53*a + 214. Determine j(-57).
-14
Let i(x) = x**3 - 3*x**2 + x + 8. Give i(5).
63
Let g(t) = -876*t - 1899. Determine g(-2).
-147
Let i(j) = -87*j - 417. Calculate i(-6).
105
Let y(x) = -x**2 - 6*x + 52. What is y(9)?
-83
Let y(q) = -5*q**2 + 203*q - 1311. What is y(33)?
-57
Let o(f) = -f**3 + 39*f**2 - 207*f + 56. Determine o(6).
2
Let i(t) = 38*t - 542. Determine i(5).
-352
Let p(k) = -k**3 - 9*k**2 - 75*k - 618. What is p(-9)?
57
Let k(u) = 4*u**3 - u**2 - 7*u + 20. Calculate k(3).
98
Let s(r) = 43*r - 719. What is s(17)?
12
Let p(j) = 1672*j - 18387. Give p(11).
5
Let g(p) = 450*p - 470. Determine g(1).
-20
Let h(d) = 12*d - 73. Determine h(-7).
-157
Let n(h) = h**2 + 16*h + 69. Give n(-8).
5
Let m(k) = -k**2 + 61*k - 271. Give m(54).
107
Let a(j) = 5*j**2 + 44*j + 25. Determine a(-11).
146
Let j(r) = 9*r**2 - 626*r - 278. Determine j(70).
2
Let j(x) = -x**2 + 55*x + 1177. Give j(-17).
-47
Let v(o) = -3*o**2 + 23*o - 60. Give v(8).
-68
Let r(g) = g**2 + 9*g + 30. Give r(0).
30
Let q(c) = c**3 + 36*c**2 + 47*c + 418. Calculate q(-35).
-2
Let g(l) = -l**3 + 16*l**2 - 54. Determine g(8).
458
Let x(n) = -4*n**3 + 28*n**2 - 65*n + 2. Give x(5).
-123
Let j(n) = -76*n**2 + 4*n + 5. Determine j(-1).
-75
Let r(c) = -16*c - 703. Calculate r(-45).
17
Let n(h) = 464*h + 13922. Determine n(-30).
2
Let w(k) = 94*k - 2141. What is w(20)?
-261
Let u(w) = 2*w**2 - 128*w + 1915. Give u(24).
-5
Let y(t) = -9*t**3 - 6*t**2 + 28*t + 49. Calculate y(-4).
417
Let x(h) = 37*h - 5846. What is x(158)?
0
Let n(c) = 138*c**3 - c**2 + 6*c - 6. Determine n(1).
137
Let c(s) = 3*s**3 + 679*s**2 + 896*s - 898. Determine c(-225).
2
Let n(q) = 34*q + 207. Calculate n(-6).
3
Let w(j) = j**2 + 34*j + 24. Determine w(-29).
-121
Let y(q) = q**3 + 21*q**2 + 12*q - 473. Give y(-19).
21
Let g(t) = -576*t + 6332. Calculate g(11).
-4
Let w(y) = -y**3 + 51*y**2 - 634*y - 77. Give w(22).
11
Let o(q) = 9*q**2 + 833*q + 2063. Give o(-90).
-7
Let v(z) = -z**3 + 116*z + 230. Determine v(-2).
6
Let v(y) = -y**2 - 219*y - 11148. What is v(-81)?
30
Let p(y) = -y**3 + 30*y**2 - 221*y + 26. Give p(17).
26
Let i(k) = 3*k**2 - 612*k - 3150. What is i(-5)?
-15
Let v(g) = -41*g**2 + 192*g + 52. Determine v(5).
-13
Let o(i) = i**2 - 5*i - 93. Determine o(14).
33
Let o(v) = -3*v**3 - 5*v**2 - 3*v - 8. Give o(-2).
2
Let o(f) = -f**3 + 22*f**2 + 122*f - 468. Determine o(26).
0
Let j(u) = -u**3 - 15*u**2 - 8*u + 80. Determine j(-15).
200
Let z(o) = -545*o + 33786. Determine z(62).
-4
Let q(g) = -988*g - 13844. Give q(-14).
-12
Let z(m) = -m**2 - 22*m + 148. Calculate z(-27).
13
Let i(j) = j**3 - 22*j**2 - 23*j - 72. Give i(23).
-72
Let z(k) = k**2 - 67*k + 1064. What is z(42)?
14
Let v(g) = 16*g**2 - 8*g - 5. Calculate v(-2).
75
Let m(g) = 134*g - 2139. Give m(16).
5
Let l(i) = 1212*i - 4846. Give l(4).
2
Let i(s) = -19*s + 405. What is i(22)?
-13
Let m(l) = 2*l**3 - 162*l**2 - 326*l - 493. What is m(83)?
5
Let z(a) = 3*a**2 + 1023*a + 72303. What is z(-241)?
3
Let c(a) = 57*a + 717. Determine c(-15).
-138
Let h(w) = w**2 + 16*w - 138. What is h(-23)?
23
Let t(s) = 63*s - 563. Calculate t(9).
4
Let b(w) = -6*w**2 + 21*w + 12. Give b(4).
0
Let q(v) = -3028*v + 6072. Give q(2).
16
Let y(k) = -3*k**2 - 43*k - 83. Calculate y(-11).
27
Let k(u) = u**2 - 30. Determine k(-8).
34
Let i(o) = -o**2 + 41*o + 114. What is i(-5)?
-116
Let l(d) = d**3 - 13*d**2 + 509*d - 6625. Determine l(13).
-8
Let d(i) = 8*i**2 - 59*i + 34. Determine d(4).
-74
Let u(n) = 3*n**2 + 191*n - 73. Give u(-64).
-9
Let g(v) = -21*v - 26. Calculate g(-1).
-5
Let h(g) = -4*g + 166. Give h(6).
142
Let c(l) = -24*l + 27. Determine c(5).
-93
Let b(x) = 18*x - 221. Determine b(26).
247
Let u(t) = t**3 - 74*t**2 + 1344*t - 25. Calculate u(32).
-25
Let a(m) = m**3 + 34*m**2 - 110*m + 11. Determine a(-37).
-26
Let q(h) = -169*h + 944. Calculate q(5).
99
Let i(y) = -67*y - 62. Calculate i(6).
-464
Let f(p) = 203*p - 24. What is f(-1)?
-227
Let j(n) = -92*n**2 + 108*n - 10. What is j(2)?
-162
Let g(o) = -5*o**2 - 26*o - 60. Determine g(-3).
-27
Let c(v) = 20*v**3 + 400*v**2 + 5*v + 101. Calculate c(-20).
1
Let y(b) = 4121*b + 28866. Calculate y(-7).
19
Let u(n) = n**3 - 43*n**2 + 84*n - 80. Determine u(41).
2
Let r(w) = 27*w**2 - 56*w + 4. Calculate r(3).
79
Let o(x) = -x**3 - 22*x**2 - 29*x + 226. What is o(-20)?
6
Let y(f) = 2*f**3 - 56*f**2 + 48*f + 74. Determine y(27).
-88
Let g(y) = 14*y**3 + y**2 + 12*y + 13. What is g(-1)?
-12
Let l(x) = -140*x + 2267. Calculate l(16).
27
Let w(x) = -2*x**3 - x**2 + 20. Determine w(2).
0
Let v(w) = -w**2 - 20*w - 24. Give v(-14).
60
Let t(b) = 3*b**3 - 6*b**2 - 127*b + 6. What is t(0)?
6
Let n(o) = -o**2 + 56*o - 334. Give n(7).
9
Let n(d) = -36*d - 748. What is n(-14)?
-244
Let b(i) = 5*i**2 - 127*i - 52. Determine b(27).
164
Let d(n) = n**3 + 6*n**2 - 35*n - 192. Determine d(-7).
4
Let j(a) = -a**2 - 19*a + 17. Calculate j(-20).
-3
Let c(t) = -2*t**3 - 8*t**2 + 59*t + 204. Determine c(-3).
9
Let v(n) = -207*n + 975. Calculate v(4).
147
Let c(s) = 19*s**2 - 32*s + 96. Calculate c(3).
171
Let g(j) = 4*j**2 + 10*j - 73. Give g(-6).
11
Let v(q) = 2*q**3 - 7*q**2 - 34*q + 154. Give v(4).
34
Let w(m) = -2*m**2 + 44*m - 32. Calculate w(20).
48
Let q(m) = 195*m**2 + 12284*m - 50. Give q(-63).
13
Let y(o) = o**2 - 261*o - 125483. What is y(-247)?
-7
Let a(t) = t**2 + 32*t - 4784. Determine a(-87).
1
Let w(g) = 16*g - 70. Give w(-10).
-230
Let a(z) = -6*z**2 + 46*z + 266. What is a(-5)?
-114
Let p(u) = u**3 + 46*u**2 + 2*u + 1. What is p(-46)?
-91
Let m(k) = 2*k**2 + 61*k - 2087. Determine m(-51).
4
Let k(w) = -113*w + 1226. Give k(12).
-130
Let l(z) = 263*z**3 - z**2 + 21*z + 21. Determine l(-1).
-264
Let x(c) = 555*c - 73809. Determine x(133).
6
Let c(f) = f**2 - 7*f - 35. Give c(14).
63
Let b(m) = -8*m**2 - 294*m + 35. What is b(-37)?
-39
Let u(i) = -4*i**2 - 34*i + 8. Calculate u(-9).
-10
Let p(v) = -11*v**3 + 76*v**2 + 102*v - 55. Give p(8).
-7
Let h(g) = -g**2 - 698*g - 16181. Calculate h(-24).
-5
Let p(y) = -177*y + 1805. What is p(10)?
35
Let p(h) = -2*h**3 + 78*h**2 - 80*h + 154. Calculate p(38).
2
Let g(t) = -58*t + 167. Determine g(13).
-587
Let f(s) = 39*s**2 + 16*s + 17. What is f(-1)?
40
Let w(z) = z**3 + 27*z**2 + 36*z - 49. What is w(-25)?
301
Let v(y) = -12*y**2 + 12*y + 23. Calculate v(-2).
-49
Let s(d) = 348*d + 3145. What is s(-9)?
13
Let y(u) = -3*u**3 - 76*u**2 - 12*u + 318. Determine y(-25).
-7
Let g(t) = 612*t - 7355. Determine g(12).
-11
Let x(a) = 18*a**2 + 11*a + 82. Calculate x(-5).
477
Let t(x) = -12*x**2 - 51*x + 83. What is t(-10)?
-607
Let y(g) = 225*g - 796. Determine y(3).
-121
Let t(z) = -8*z - 103. What is t(-10)?
-23
Let s(l) = -6*l**2 + 146*l - 548. Give s(4).
-60
Let c(r) = r**3 - 19*r**2 + 26*r - 1423. Determine c(21).
5
Let a(z) = 6*z - 109. Calculate a(32).
83
Let h(x) = -8*x**3 - 14*x**2 - 6*x + 4. Determine h(-4).
316
Let f(j) = j**3 - 21*j**2 + 87*j + 29. Calculate f(12).
-223
Let t(y) = 13*y + 403. Calculate t(-37).
-78
Let c(u) = u**3 + 3*u**2 - 183*u - 9. Determine c(-15).
36
Let t(n) = -40*n - 3. Calculate t(4).
-163
Let x(a) = -16*a + 359. Give x(23).
-9
Let j(f) = 11*f**3 - 13*f. Give j(-3).
-258
Let t(d) = 4*d**3 + 391*d**2 - 102*d - 329. Determine t(-98).
63
Let h(l) = -l**3 + 29*l**2 + 29*l + 122. Give h(30).
92
Let x(i) = -i**2 - 172*i - 1913. Calculate x(-12).
7
Let g(o) = -21*o**3 - 43*o**2 - 3*o - 5. Determine g(-2).
-3
Let x(k) = k**2 - 52*k - 752. Give x(64).
16
Let p(b) = 2687*b - 29563. Give p(11).
-6
Let a(s) = 2*s**2 - 40*s + 27. Calculate a(19).
-11
Let s(a) = -31*a**2 + 1731*a + 292. What is s(56)?
12
Let v(p) = 5*p**3 - 129*p**2 - 162*p - 5. Give v(27).
